What is 100001110110 (base 2) in base 4?
201312
-d8 (base 16) to base 3
-22000
302144 (base 6) to base 12
11954
What is 1012130 (base 4) in base 3?
20011222
Convert -102030 (base 4) to base 7.
-3252
Convert -1102212011 (base 3) to base 11.
-1a312
Convert 3020440 (base 5) to base 16.
bc75
What is 8075 (base 14) in base 6?
250035
-2855 (base 11) to base 16
-e6a
-875 (base 14) to base 11
-128a
What is -2204 (base 6) in base 4?
-13330
What is -3513 (base 6) in base 7?
-2304
Convert 243 (base 6) to base 3.
10200
3aa7 (base 16) to base 2
11101010100111
987 (base 14) to base 2
11101011011
Convert 1011000101100 (base 2) to base 5.
140201
Convert -232a (base 12) to base 13.
-1a29
Convert -2123 (base 10) to base 11.
-1660
What is -26247 (base 11) in base 4?
-21022321
Convert -20122100 (base 3) to base 8.
-11352
What is -431 (base 5) in base 8?
-164
Convert 19385 (base 10) to base 11.
13623
What is -133230 (base 4) in base 6?
-13220
Convert 1445 (base 6) to base 14.
1db
What is -7664 (base 12) in base 5?
-404121
What is -13323320 (base 4) in base 13?
-11a44
1047 (base 11) to base 10
1382
Convert 1560 (base 8) to base 4.
31300
Convert 3267 (base 11) to base 10.
4308
76a (base 11) to base 2
1110011011
What is -2584 (base 12) in base 8?
-10264
What is 21110 (base 3) in base 2?
11001001
Convert 101021 (base 3) to base 12.
1b1
-10741 (base 9) to base 7
-26614
-107045 (base 8) to base 6
-440245
Convert -438 (base 16) to base 9.
-1430
What is 1844 (base 11) in base 15?
a67
What is -9a (base 13) in base 8?
-177
324300 (base 6) to base 2
110100100001100
-1100000001 (base 2) to base 13
-472
8008 (base 12) to base 13
63b0
What is 210141 (base 7) in base 8?
106375
-63a (base 16) to base 2
-11000111010
2164 (base 11) to base 13
13b6
Convert 22212221 (base 3) to base 2.
1100101001110
1010101 (base 2) to base 5
320
Convert 5223 (base 9) to base 6.
25420
What is 11514 (base 8) in base 15?
16e5
Convert -2041 (base 8) to base 3.
-1110011
What is 102211122 (base 3) in base 13?
3c0b
What is 5a8 (base 16) in base 4?
112220
What is -3132 (base 4) in base 10?
-222
What is 12048 (base 9) in base 14?
2d1d
What is -10572 (base 8) in base 7?
-16021
-143 (base 14) to base 7
-513
Convert -10010111000 (base 2) to base 15.
-558
25192 (base 12) to base 16
c4be
What is 15a (base 13) in base 7?
466
What is -8632 (base 13) in base 14?
-6b0b
946 (base 13) to base 7
4414
Convert -210640 (base 7) to base 6.
-440121
What is 569 (base 10) in base 13?
34a
Convert 111230 (base 4) to base 2.
10101101100
Convert -111010100 (base 2) to base 5.
-3333
What is -2072 (base 11) in base 6?
-20405
865 (base 13) to base 6
10351
Convert -2214 (base 5) to base 10.
-309
41101 (base 9) to base 15
803a
Convert 1102012 (base 3) to base 8.
2007
What is -145525 (base 6) in base 4?
-3132131
Convert 24995 (base 11) to base 7.
206241
613 (base 14) to base 11
995
Convert -2de6 (base 16) to base 9.
-17105
Convert 21344 (base 8) to base 10.
8932
60044 (base 7) to base 11
a936
What is 11560 (base 7) in base 14?
1167
What is -1010110110 (base 2) in base 12?
-49a
Convert -221120222 (base 3) to base 12.
-a968
What is -3030 (base 4) in base 14?
-108
Convert 11583 (base 9) to base 4.
1321122
-c201 (base 13) to base 4
-12201033
What is 1922 (base 10) in base 14?
9b4
What is 140b (base 12) in base 2?
100100001011
What is -36a4a (base 11) in base 13?
-1b283
Convert 10201 (base 4) to base 14.
169
What is -1001010010 (base 2) in base 4?
-21102
Convert -3829 (base 10) to base 5.
-110304
What is -d7b (base 14) in base 8?
-5141
Convert -2b (base 12) to base 16.
-23
-203221 (base 4) to base 13
-1066
-59 (base 12) to base 14
-4d
What is 121434 (base 5) in base 7?
16316
Convert -110111000100111 (base 2) to base 13.
-cab2
What is -274 (base 9) in base 7?
-445
614 (base 12) to base 3
1012121
What is 969c (base 16) in base 15?
b656
30b9 (base 12) to base 5
132300
What is 17054 (base 8) in base 10?
7724
What is 1111101000111 (base 2) in base 5?
224012
Convert -5432 (base 8) to base 2.
-101100011010
What is 313 (base 10) in base 8?
471
What is -1966 (base 10) in base 8?
-3656
132331 (base 4) to base 2
11110111101
812 (base 11) to base 6
4313
What is -1013 (base 5) in base 8?
-205
Convert a0 (base 12) to base 14.
88
Convert 1bc (base 15) to base 7.
1113
Convert 12101212 (base 3) to base 8.
7542
What is -5c5 (base 16) in base 3?
-2000201
Convert 221002120 (base 3) to base 4.
10131312
What is 111100100 (base 2) in base 13?
2b3
Convert -263a (base 13) to base 14.
-1dbb
312 (base 4) to base 9
60
Convert -34401 (base 6) to base 10.
-4897
2bc (base 16) to base 14
380
-171 (base 10) to base 13
-102
Convert 11000011110101 (base 2) to base 14.
47d3
-1101011100001 (base 2) to base 14
-2717
-c7e (base 15) to base 8
-5403
1322 (base 6) to base 12
242
What is 966 (base 12) in base 16?
55e
60505 (base 7) to base 10
14656
-11122110 (base 3) to base 6
-23403
What is -42020 (base 5) in base 6?
-20440
What is 1144 (base 6) in base 16?
118
Convert -1001032 (base 4) to base 2.
-1000001001110
-bc (base 15) to base 9
-216
Convert -2222 (base 8) to base 5.
-14140
340443 (base 5) to base 15
384d
-1403 (base 5) to base 9
-273
What is 4a5 (base 12) in base 16?
2bd
be (base 16) to base 14
d8
Convert 1000211 (base 3) to base 10.
751
Convert 992 (base 10) to base 14.
50c
What is 26 (base 14) in base 11?
31
30364 (base 10) to base 3
1112122121
Convert -1221 (base 10) to base 13.
-72c
429 (base 11) to base 10
515
Convert 243c (base 13) to base 10.
5121
What is -80c9 (base 14) in base 15?
-6854
Convert 9018 (base 15) to base 12.
15712
Convert 30a (base 16) to base 3.
1001211
Convert 3909 (base 14) to base 4.
2130111
What is -102323 (base 4) in base 8?
-2273
What is -311224 (base 6) in base 11?
-17802
Convert 32 (base 15) to base 3.
1202
16 (base 15) to base 10
21
2242 (base 7) to base 16
32e
What is -13132210 (base 4) in base 9?
-46011
-1001011001 (base 2) to base 12
-421
-101001011 (base 2) to base 11
-281
Convert -1361 (base 9) to base 11.
-854
-405 (base 14) to base 8
-1425
What is 26678 (base 11) in base 7?
216006
205440 (base 6) to base 4
10012200
64c3 (base 15) to base 14
7abb
Convert -1132 (base 11) to base 14.
-783
What is 19092 (base 15) in base 5?
10044022
Convert -502636 (base 7) to base 16.
-14c32
Convert 10171 (base 10) to base 6.
115031
-46 (base 13) to base 3
-2011
What is -7b2 (base 12) in base 16?
-476
288 (base 12) to base 6
1452
What is -46031 (base 9) in base 13?
-10c45
What is 10d79 (base 14) in base 6?
514051
110414 (base 5) to base 15
1224
-4978 (base 11) to base 6
-50030
1000111110100110 (base 2) to base 13
1397a
Convert 10110010000100 (base 2) to base 7.
45140
Convert 135125 (base 6) to base 10.
12797
1504 (base 6) to base 5
3100
What is 41 (base 6) in base 2?
11001
What is -1311030 (base 4) in base 12?
-4410
-10020010000 (base 3) to base 8
-174020
Convert 2b84 (base 13) to base 12.
3821
Convert -613 (base 10) to base 13.
-382
Convert -33642 (base 7) to base 8.
-20554
Convert 29976 (base 11) to base 13.
16411
What is 1181 (base 9) in base 10?
883
What is -984 (base 10) in base 11?
-815
Convert -10000101 (base 2) to base 8.
-205
Convert 1062 (base 8) to base 4.
20302
-3702 (base 8) to base 12
-1196
-6c04 (base 13) to base 15
-4794
What is -2119 (base 13) in base 4?
-1013221
2210 (base 8) to base 14
5cc
What is 40 (base 9) in base 15?
26
-13662 (base 9) to base 3
-110202002
31a9 (base 11) to base 3
12210210
Convert -11088 (base 12) to base 6.
-252252
What is -14997 (base 10) in base 4?
-3222111
What is 40322 (base 10) in base 3?
2001022102
Convert -4b31 (base 14) to base 15.
-3d85
Convert -1543 (base 9) to base 3.
-1121110
What is 39 (base 15) in base 3?
2000
What is 20444 (base 6) in base 4?
223030
-15e9 (base 15) to base 8
-11157
What is 11200120 (base 3) in base 11?
2627
-3024 (base 7) to base 11
-872
Convert -2574 (base 11) to base 14.
-1312
Convert -429 (base 10) to base 13.
-270
What is -11010 (base 4) in base 2?
-101000100
What is -12983 (base 13) in base 11?
-23a8a
-e529 (base 15) to base 10
-48414
Convert 2500 (base 8) to base 7.
3630
-2da (base 16) to base 9
-1001
What is 807 (base 10) in base 7?
2232
What is 40c (base 13) in base 8?
1260
What is 313231 (base 4) in base 16?
ded
Convert 12433 (base 6) to base 10.
1893
Convert 54042 (base